*r - 5. Let f be b(-5). What is the greatest common divisor of f and a?
1
Let s = -16 - -46. What is the greatest common factor of 15 and s?
15
Suppose -5*v = -5*x - 180, 6*v + 3*x = v + 212. Suppose k = 4*d + 4*k - v, -40 = -4*d - k. Calculate the greatest common divisor of 20 and d.
10
Let j(h) = h**3 - h**2 - h - 12. Let a be j(0). Let i be (-27)/a*28/1. Suppose 5*z - 322 - i = 0. What is the highest common divisor of 7 and z?
7
Suppose -88 = -2*x + 2*k, 3*k - 2*k - 1 = 0. Let u(d) = d + 5. Let l be u(4). Calculate the greatest common factor of l and x.
9
Suppose 4*k + 68 = -4*o, 3*o + 2*k = -10 - 36. Let i be 90/o*(-24)/5. Calculate the highest common divisor of i and 18.
18
Suppose -y + 5 = -10. Let h be (-3)/y - 1078/10. Let i = -60 - h. What is the greatest common divisor of i and 6?
6
Suppose -2*b = 2*y - 108, 0*y = -b + y + 46. Suppose 3*x - 2*x - b = 0. Calculate the greatest common factor of 75 and x.
25
Suppose 3*o = 3*h + 195, 5*h = o + h - 74. What is the greatest common divisor of 31 and o?
31
Suppose 7*v - 6*v = 3*y + 22, 0 = -5*y - 20. Calculate the greatest common divisor of v and 20.
10
Let s = 5 - 1. Suppose -n + 30 = s*n. What is the greatest common divisor of n and 24?
6
Suppose 3*n - 3*x = -9, -12 = -x - 3*x. Suppose 2*u - 242 - 178 = n. What is the highest common divisor of u and 30?
30
Let z(o) = -39*o**3 + 2*o**2 + 2*o + 1. Suppose u = -1, 5*g - 6*u = -u. Let d be z(g). Calculate the highest common factor of 8 and d.
8
Let y(j) = -4*j - 4. Let k be y(-3). What is the highest common divisor of 8 and k?
8
Let p = -38 - -73. What is the highest common divisor of p and 14?
7
Suppose 2*u + 3*j = u + 11, -2*u = -4*j - 2. Suppose u = 3*y - 13. What is the highest common divisor of y and 30?
6
Suppose -5*p + 32 = x - 0*x, -5*p - 2*x + 34 = 0. Let o be p/15*10/2. Suppose o*h - 29 - 111 = 0. Calculate the highest common factor of 10 and h.
10
Let s = -23 + 23. Suppose s = -q - 2*q + 132. Calculate the greatest common divisor of q and 11.
11
Let r be -10*(-4 + (-14)/(-5)). Let v be (r/(-1))/(-4) + 77. Let u(c) = c**2 - 2*c + 2. Let g be u(4). What is the highest common factor of g and v?
10
Let q = 438 - 207. Calculate the highest common factor of q and 21.
21
Suppose 5*r + 241 = 4*o, o + 2*o - 186 = 2*r. What is the greatest common divisor of o and 4?
4
Let y = -9 + -1. Let w be 45/y*(-16)/3. Calculate the highest common divisor of 12 and w.
12
Let k = 246 + -226. Let b = 3 + 1. Calculate the greatest common divisor of k and b.
4
Let w(p) = p**3 - 2*p**2 + 3*p - 3. Let d be w(2). Suppose -4*r + 22 + 4 = -2*h, 3*r + d*h - 42 = 0. Calculate the greatest common divisor of r and 1.
1
Let v = -32 + -11. Let j = v + 88. Suppose 5*x + 29 = 3*n, 3*n + 5*x + j = 8*n. What is the greatest common factor of 64 and n?
8
Let s be (1 - (-6)/2) + 2. Let f be s/(-4) - 865/(-10). Suppose 0 = p - 6*p + 4*l + f, 18 = p - l. Calculate the greatest common factor of 39 and p.
13
Let s(k) = 3*k**2 - 20*k + 4. Let l be s(8). Calculate the greatest common factor of 9 and l.
9
Let f be 1*-2*14/(-2). Let l = -6 + 9. Suppose 2*k - 31 = -l*d + 84, -d + 169 = 3*k. What is the greatest common divisor of k and f?
14
Suppose 0 = -5*t + 47 + 38. What is the greatest common factor of 153 and t?
17
Let o(g) = -8*g - 44. Let q be o(-19). What is the highest common divisor of q and 72?
36
Let t be ((-2)/3)/(4/(-276)). Calculate the greatest common divisor of 115 and t.
23
Suppose -580 = -3*j - 229. What is the highest common factor of 78 and j?
39
Let i be (24/14)/(2/(-14)). Let b be 8/i*-3 + 54. What is the highest common factor of 8 and b?
8
Suppose -2*z + 3 = -5. Suppose d - z*d = -9. What is the highest common divisor of d and 2?
1
Let x = 1 + -1. Let i = 29 - 24. Let o = x + i. Calculate the greatest common factor of o and 1.
1
Let s(y) = -y**3 + 6*y**2 + 6*y - 12. Let j be s(6). What is the greatest common factor of j and 24?
24
Suppose 0 = -x - 53 + 10. Let r be (-2)/(-4)*-2*x. Suppose r + 35 = 3*o. What is the highest common divisor of o and 39?
13
Let l = -1 - -49. Suppose 3*z = 6*z - 36. Suppose 6 = 3*f - z. What is the greatest common divisor of l and f?
6
Let d = -9 + 13. What is the greatest common factor of d and 44?
4
Suppose 3*v = b + 1, -v - v + 6 = -2*b. Let c = b - -8. Let l be c/12 + 74/3. Calculate the greatest common divisor of 5 and l.
5
Suppose 0 = 5*n - 223 - 1037. Calculate the greatest common divisor of 28 and n.
28
Let m = -10 - -110. What is the greatest common divisor of m and 10?
10
Let s(a) = 6*a + 4. Let q be s(7). Suppose 3*j - 41 = 49. Let h = j + q. Calculate the greatest common factor of h and 19.
19
Let m(s) = 3*s**2 - 4*s - 3. Let a(d) = d**2 + d + 2. Let p be a(-3). Suppose 0*f = 4*f + p. Let z be m(f). Calculate the greatest common factor of z and 85.
17
Suppose u - 2 = 3*u + 5*f, f + 10 = 2*u. What is the highest common divisor of u and 44?
4
Let o = 34 - 6. Suppose n - 19 = 5*d, 0*d = 3*n - d - 43. What is the highest common factor of n and o?
14
Let z = 0 - -1. Let q be ((-3)/2)/(z/(-6)). Let r(d) = 14*d - 45. Let u be r(9). What is the highest common divisor of q and u?
9
Let o = 7 - 3. Let r be 6/o*200/3. Calculate the highest common factor of r and 20.
20
Let q = 11 + -14. Let x(s) = -s**2 - 3*s + 1. Let p be x(q). Calculate the highest common factor of p and 5.
1
Let s = 9 - 6. Suppose 3*c - 41 = -s*w + 2*c, 4*w - c = 64. Calculate the highest common divisor of w and 5.
5
Let t be (22/3)/((-8)/(-36)). Suppose 3*u = -u - 360. Let y be (-2)/8 - u/8. What is the highest common divisor of y and t?
11
Suppose 5*h - 34 = 71. Calculate the highest common divisor of h and 3.
3
Suppose 7*i - 2*i = 25. Let g be (i/15)/(2/570). What is the greatest common factor of g and 19?
19
Suppose d = -d + 2*c - 26, 22 = -d - 2*c. Let i = 28 + d. Calculate the greatest common divisor of i and 4.
4
Let s(g) = 10*g**2 + 2*g + 4. Let t be s(3). Calculate the highest common factor of 40 and t.
20
Suppose -3*x + 20 = -4. Let r be (0 + 24)*(x - 7). What is the greatest common factor of r and 6?
6
Let m(z) = -20*z + 4. Let o be m(-2). Calculate the highest common factor of 44 and o.
44
Let p be 2/((-12)/105)*26. Let y = p - -727. Calculate the greatest common divisor of 34 and y.
34
Let o(s) = -11*s - 1. Let h be o(-1). Suppose 3*c = c - h, 3*b - 5*c = 64. Let m be 1/(-4) + (-2919)/(-28). Calculate the greatest common divisor of b and m.
13
Suppose 5*v = 3*v + 212. Suppose 0*h - v = -h + 3*q, 2*q + 474 = 4*h. Calculate the highest common divisor of h and 11.
11
Let h(d) = 8 - d - 2 - 2 - 1. Let l be h(0). Calculate the highest common divisor of l and 27.
3
Let l(f) = -21*f - 60. Let d be l(-11). What is the highest common divisor of 9 and d?
9
Suppose 0 = 6*v - v + 15. Let s be (7 + 0)*(-3)/v. Let h = 17 + s. What is the greatest common factor of h and 192?
24
Suppose 768 = -3*n + 9*n. What is the greatest common divisor of n and 16?
16
Let i = 41 - 17. Calculate the highest common factor of 18 and i.
6
Let g = 130 - 103. Calculate the highest common divisor of 9 and g.
9
Let i(g) = 11*g - 58. Let y be i(11). Suppose a = -a - 3*d + 14, -3*a + 21 = -d. What is the greatest common factor of y and a?
7
Let g(i) = -i**2 + 2*i + 3. Let w be g(4). Let z = 10 + w. Suppose -3*d + 0*t + 32 = -t, 0 = 4*d - z*t - 50. Calculate the greatest common factor of 80 and d.
10
Let k(p) = p**2 + 9*p + 2. Let i be k(-9). Let t = i + 0. Calculate the highest common divisor of t and 18.
2
Let o = -44 + 89. Calculate the greatest common divisor of 5 and o.
5
Let n(q) = -18*q + 7. Let w be n(-7). What is the highest common divisor of w and 19?
19
Let o = -8 - -12. Let r = 4 - o. Suppose -3*n + 27 + 162 = r. What is the greatest common factor of 7 and n?
7
Suppose 2*l + 46 = 2*s, 4*s = -l - 3*l + 68. Calculate the greatest common divisor of s and 380.
20
Suppose 20*n - 250 = 15*n. What is the highest common factor of n and 125?
25
Suppose 88 = 3*s + 46. Let v be (-56)/10*(-20)/1. Calculate the highest common divisor of v and s.
14
Suppose 960*v + 12 = 962*v. Let j = -8 - -12. Suppose -2*k - 105 = -6*k - 3*d, j*d - 132 = -5*k. What is the highest common factor of v and k?
6
Suppose -5*t - 27 = -r, 2*t = 2*r - 32 + 10. Let d(y) = -7*y - 14. Let n be d(-3). What is the hi